x) = -2*x**3 - 61*x**2 - 29*x + 41. What is z(-30)?
11
Let m(w) = w**2 + 5*w - 29. Give m(-8).
-5
Let v(c) = c**3 - 8*c**2 - 14*c - 9. Give v(10).
51
Let n(m) = m**2 + 25*m - 59. Calculate n(-27).
-5
Let o(c) = c - 39. Give o(34).
-5
Let r(f) = -105*f + 99. Give r(1).
-6
Let m(d) = -d**3 + 11*d**2 - 11*d + 9. What is m(10)?
-1
Let a(s) = s**3 - 9*s**2 + 10*s - 18. Give a(8).
-2
Let j(n) = -2*n + 40. Determine j(24).
-8
Let n(l) = -8*l**2 + 2*l - 7. Calculate n(3).
-73
Let s(g) = -5*g - 16. Calculate s(-8).
24
Let p(f) = -f**2 + 4*f - 103. Give p(0).
-103
Let k(f) = f - 8. Give k(9).
1
Let k(v) = 21*v - 3. What is k(2)?
39
Let z(k) = -15*k - 785. Calculate z(-52).
-5
Let y(d) = -d**2 - 7*d - 11. What is y(-11)?
-55
Let u(x) = x**2 + 12*x - 42. Give u(-15).
3
Let r(o) = o**3 + 10*o**2 + 11*o + 4. Determine r(-8).
44
Let q(o) = -o**3 + 15*o**2 - 36*o + 10. Give q(12).
10
Let w(j) = -3*j + 10. Give w(5).
-5
Let j(y) = -y**3 - 3*y**2 + 12*y + 18. What is j(-5)?
8
Let w(k) = k**3 + 5*k**2 - k + 3. Calculate w(-6).
-27
Let u(g) = 5*g - 126. Determine u(26).
4
Let l(x) = x**2 + 7*x + 5. What is l(-8)?
13
Let o(g) = 2*g**2 + 9*g - 6. Give o(-7).
29
Let p(h) = -62*h + 38. Calculate p(1).
-24
Let r(g) = -7*g - 2. Give r(12).
-86
Let h(n) = -n**2 + 27*n + 579. Calculate h(41).
5
Let b(h) = 6*h + 2. Give b(-9).
-52
Let o(s) = -7*s + 36. Give o(4).
8
Let v(q) = q + 9. Calculate v(5).
14
Let d(l) = l**3 + 6*l**2 + 4*l - 7. Determine d(-5).
-2
Let c(k) = k**2 - 7*k - 6. What is c(7)?
-6
Let k(p) = -p**2 - 19*p + 5. Give k(-11).
93
Let v(u) = -u**2 - 6*u + 6. Give v(-6).
6
Let u(s) = s**3 + 42*s**2 - 90*s - 80. What is u(-44)?
8
Let r(l) = -l**3 - 4*l**2 - 2*l - 6. Calculate r(-2).
-10
Let i(x) = 8*x**2 - 1. What is i(1)?
7
Let g(o) = o**2 - 8*o + 13. Calculate g(6).
1
Let f(v) = -2*v - 17. Give f(-11).
5
Let x(h) = -2*h**2 - h + 2. Determine x(4).
-34
Let o(j) = j**2 - 9*j + 17. Calculate o(6).
-1
Let l(p) = p**2 + 13*p + 2. What is l(-7)?
-40
Let g(p) = p**3 - 8*p**2 - 12*p + 28. Determine g(9).
1
Let i(j) = -j**2 + 2*j + 22. Give i(6).
-2
Let c(p) = -16*p**2 - 2*p - 2. Determine c(-1).
-16
Let o(u) = u**2 - 6*u + 12. Determine o(5).
7
Let m(u) = -14*u**2 - 1. What is m(-1)?
-15
Let h(o) = o**3 + 6*o**2 - 9. Determine h(-2).
7
Let z(y) = -5*y - 44. Give z(-7).
-9
Let y(w) = 3*w - 7. What is y(6)?
11
Let a(t) = -t**2 + 9*t + 1. What is a(7)?
15
Let b(j) = 22*j + 29. What is b(-4)?
-59
Let f(l) = -l + 5. What is f(9)?
-4
Let k(n) = n - 6. Give k(4).
-2
Let p(b) = -3*b + 2. What is p(18)?
-52
Let o(i) = -i**2 - 21*i + 18. Calculate o(-22).
-4
Let t(x) = -x**3 - 17*x**2 - x - 6. Calculate t(-17).
11
Let n(r) = r**2 + r + 18. Give n(-4).
30
Let l(h) = 6*h**2 - h. Calculate l(2).
22
Let n(b) = -b**3 - 5*b**2 - 5*b - 5. Calculate n(-4).
-1
Let o(y) = -y**3 - y**2 - 2*y - 1. What is o(-2)?
7
Let p(d) = 6*d - 27. Determine p(-8).
-75
Let i(n) = -3*n**3 + 2*n**2 + 3*n - 2. Give i(2).
-12
Let d(h) = h**3 + 11*h**2 - 14*h - 13. Determine d(-12).
11
Let l(i) = i**2 + 9*i + 14. Calculate l(-13).
66
Let k(z) = -13*z**3 - 2*z**2 - 4*z - 1. Determine k(-1).
14
Let y(f) = 4*f + 18. Determine y(-7).
-10
Let v(x) = -x**3 - 7*x**2 + 5*x + 6. Give v(-8).
30
Let f(z) = -z**3 + 6*z**2 + 14*z + 10. What is f(8)?
-6
Let i(k) = -18*k + 7. Determine i(4).
-65
Let x(n) = 2*n**2 - 10*n - 32. Determine x(7).
-4
Let h(o) = -o**2 + 40*o + 222. Calculate h(-5).
-3
Let j(o) = 26*o + 1. Determine j(1).
27
Let b(x) = -x**2 - 4*x - 4. What is b(-3)?
-1
Let v(y) = 4*y - 4. What is v(4)?
12
Let i(w) = -12*w - 569. Give i(-47).
-5
Let y(x) = -4*x + 2. Determine y(-1).
6
Let m(c) = -c**2 - 10*c. Calculate m(-10).
0
Let u(m) = -m**3 + 4*m**2 - 2*m - 6. Give u(4).
-14
Let i(p) = p**3 + 37*p**2 - 41*p - 117. Determine i(-38).
-3
Let r(f) = -f**3 + 17*f**2 - 2*f + 28. What is r(17)?
-6
Let l(h) = -h**2 + 6*h - 4. Calculate l(6).
-4
Let a(n) = n**2 + 17*n + 23. What is a(-16)?
7
Let r(j) = -j**2 + 3*j - 7. Give r(6).
-25
Let a(s) = -2*s**2 - 4*s - 4. What is a(-4)?
-20
Let f(r) = 2*r**3 - 18*r**2 - 12*r + 20. Determine f(9).
-88
Let v(j) = -17*j + 56. Calculate v(4).
-12
Let z(a) = -3*a**3 - 17*a**2 + 5*a - 11. What is z(-6)?
-5
Let t(j) = -14*j**2 + 5*j - 6. Determine t(1).
-15
Let x(d) = 5*d + 31. Calculate x(-6).
1
Let s(i) = -i**3 + 4*i**2 + 3*i + 14. What is s(6)?
-40
Let m(v) = v + 45. Give m(0).
45
Let g(a) = a**3 + 9*a**2 - 11*a + 2. Give g(-10).
12
Let b(u) = u**3 - u**2 - 2*u + 2. Calculate b(3).
14
Let s(k) = k**3 - k**2 - 2*k - 2. Calculate s(3).
10
Let u(x) = -70*x + 422. Give u(6).
2
Let k(f) = 15*f - 961. Determine k(64).
-1
Let i(m) = -2*m**3 - 14*m**2 + m + 2. Calculate i(-7).
-5
Let t(x) = -11*x + 3. Give t(1).
-8
Let f(b) = b**2 + 2*b + 2. Determine f(-2).
2
Let m(o) = -18*o**3 + 2*o - 1. Determine m(1).
-17
Let q(v) = v**3 - 3*v**2 - 5*v + 4. Determine q(4).
0
Let y(w) = w**3 + 7*w**2 - w + 6. What is y(-7)?
13
Let a(n) = -n**2 + 19*n - 50. Give a(10).
40
Let f(w) = -2*w - 10. Determine f(-10).
10
Let x(q) = -q**3 - 6*q**2 - 2*q - 2. What is x(-4)?
-26
Let a(l) = l**3 + 15*l**2 - l - 13. Determine a(-15).
2
Let p(i) = i**2 - i - 36. What is p(0)?
-36
Let p(t) = -2*t**2 - 27*t - 81. What is p(-8)?
7
Let r(g) = g**2 + 3*g + 1. Calculate r(-1).
-1
Let h(s) = s**2 - s - 11. Give h(5).
9
Let i(g) = 5*g + 24. Give i(-6).
-6
Let v(r) = -r**3 + 6*r**2 - r + 14. Determine v(6).
8
Let j(k) = -6*k - 4. Calculate j(-2).
8
Let a(g) = 32*g + 26. Give a(-4).
-102
Let p(v) = -v**2 + 8*v + 19. What is p(10)?
-1
Let g(s) = -s**2 + 10*s - 22. Determine g(3).
-1
Let d(k) = k**2 + 8*k - 114. Determine d(7).
-9
Let o(s) = -96*s**2 - 1. What is o(-1)?
-97
Let f(n) = -7*n - 47. Give f(-6).
-5
Let d(l) = -2*l**3 - 11*l**2 + 10*l + 30. Determine d(-6).
6
Let u(v) = -v**3 - 6*v**2 - 4*v - 2. Calculate u(-5).
-7
Let u(k) = k**3 - 11*k**2 + 21*k - 12. Calculate u(7).
-61
Let f(t) = t**2 - 12*t - 77. Determine f(15).
-32
Let h(v) = -2*v**3 + 5*v**2 + v + 2. Calculate h(4).
-42
Let h(d) = d**2 - 7*d - 21. Determine h(8).
-13
Let u(k) = 10*k - 46. Give u(7).
24
Let y(f) = -f**3 - 10*f**2 + 13*f + 18. Calculate y(-11).
-4
Let v(l) = 29*l - 1. Calculate v(1).
28
Let b(y) = -y**3 - 26*y**2 - 27*y - 57. What is b(-25)?
-7
Let j(k) = -3*k**2 - 104*k - 69. Determine j(-34).
-1
Let n(m) = m**2 - 5*m + 21. Give n(11).
87
Let h(g) = -g**3 - 4*g**2 + 5*g + 6. Give h(-5).
6
Let t(y) = -2*y**3 - 55*y**2 - 28*y - 6. What is t(-27)?
21
Let w(z) = -11*z - 1. Calculate w(3).
-34
Let b(u) = 10*u - 4. Calculate b(5).
46
Let x(h) = 2*h**2 + 2*h - 6. What is x(-5)?
34
Let k(i) = -i + 71. What is k(17)?
54
Let j(v) = 3*v - 6. Give j(5).
9
Let d(m) = -m**3 - 12*m**2 + 13*m + 1. What is d(-13)?
1
Let c(d) = d**2 - 8*d - 6. Calculate c(7).
-13
Let l(c) = c**3 + 4*c**2 - 3*c - 7. Calculate l(-4).
5
Let z(a) = a**3 + 8*a**2 + 4*a - 4. What is z(-7)?
17
Let t(o) = -o**2 - 15*o + 14. Calculate t(-16).
-2
Let t(n) = n**3 - 7*n. Determine t(-3).
-6
Let o(p) = -p**3 - 8*p**2 + 9*p + 5. Determine o(-9).
5
Let i(f) = f**3 + 7*f**2 + 7*f + 13. Determine i(-6).
7
Let m(k) = 20*k - 23. Calculate m(4).
57
Let f(p) = -p**3 - p**2 + p - 35. What is f(0)?
-35
Let z(w) = 12*w - 613. What is z(51)?
-1
Let a(d) = 6*d - 165. What is a(23)?
-27
Let h(q) = q**2 + 8*q - 6. Give h(-17).
147
Let p(i) = -i**3 + 9*i**2 + i - 14. Calculate p(9).
-5
Let l(v) = v**2 - 10*v - 15. Give l(10).
-15
Let x(n) = -15*n - 101. What is x(-6)?
-11
Let v(f) = f**3 - 14*f**2 + 13*f - 5. Calculate v(13).
-5
Let z(c) = -c**2 + 3*c + 5. Calculate z(6).
-13
Let j(r) = -r**3 + 5*r**2 + 4*r + 2. Calculate j(6).
-10
Let t(c) = -2*c**2 + 25*c. What is t(12)?
12
Let y(h) = h + 10. Give y(-4).
6
Let v(n) = 8*n + 48. Determine v(-5).
8
Let c(v) = 22*v + 41. Calculate c(-2).
-3
Let m(b) = -b**2 - 10*b - 25. Give m(-9).
-16
Let r(d) = 3*d**3 - 8*d**2 + 14*d - 6. Determine r(2).
14
Let i(g) = g**3 - 12*g**2 + 6*g + 30. Determine i(11).
-25
Let q(x) = -2*x**2 + 14*x - 2. What is q(7)?
-2
Let y(n) = -n**3 + 9*n**2 + 2*n - 38. Give y(9).
-20
Let y(q) = -2*q + 20. Give y(6).
8
Let c(y) = y**2 + 26*y - 22. What is c(-27)?
5
Let d(c) = 2*c + 15. What is d(-11)?
-7
Let s(i) = -i - 10. Calculate s(33).
-43
Let l(m) = m**3 - 8*m**2 - 5*m - 1. Determine l(8).
-41
Let i(v) = -2*v**2 + 42*v + 81. Give 